+ h - 3. Let s(y) = -4*a(y) + 3*g(y). Suppose 133*c + 436 + 392 = 30. Determine s(c).
-6
Suppose -3*b + 11 = 4*l, 5*b + 7 - 18 = -3*l. Let z(p) = 4317*p - 4317*p + b - p**2. What is z(1)?
0
Let b(l) = -l**2 + 2*l - 2. Let h(g) = g**3 - 5*g**2 - 5*g - 1. Let m be h(6). Determine b(m).
-17
Suppose 0 = 4*g - 9 + 1. Let n be 2 + ((-6)/g - -1). Let l(u) = 4*u - 4*u**3 - 5*u**2 + n*u - 4 + 5*u**3. Calculate l(4).
-4
Let f be ((-22)/(-4) - 8)*12/(-15). Let p(z) = -2*z**2 + 3*z - 4. What is p(f)?
-6
Let b(n) = -n**2 - 7*n - 6. Let p = 24 - 15. Suppose 3*l + p = -12. What is b(l)?
-6
Let g(t) = -t + 16. Let b be g(14). Let o(k) = 11 - 1 + 8*k - 4 - k**b. What is o(8)?
6
Let a(x) = -5 - 2*x**2 + 54*x - 33*x - 27*x + 5*x**2 - 2*x**2. What is a(7)?
2
Let s be 4/(8*(-1)/(-6)). Let k(u) = s*u + 6*u**2 - 3 - 3*u - 5*u**2 - 3*u. What is k(5)?
7
Let p(q) be the second derivative of q**6/120 + 7*q**5/60 + q**4/4 + q**3/2 + q**2/2 + 7*q. Let m(w) be the first derivative of p(w). Give m(-6).
3
Let t(s) be the first derivative of s**4/4 + 17*s**3/3 + 8*s**2 + 8*s - 559. Give t(-16).
8
Let z(w) be the third derivative of 0*w - 4*w**2 + 1/24*w**4 + 0 + 7/6*w**3 - 1/120*w**6 + 1/60*w**5. Calculate z(0).
7
Let r(t) = 9 - 4*t**3 - 8*t - 10*t**2 + 4 + 3*t**3. Suppose -5*o = -9*o + l - 32, -3*o - 5*l - 47 = 0. What is r(o)?
4
Let f(l) = l. Let z = -42 - -37. Let v be 5/z - (-1 - 0). Suppose -m - 2 + 3 = v. Give f(m).
1
Let h = 24 + -28. Let k(b) = -2*b**3 - 5*b**2 + 3*b - 4. Give k(h).
32
Suppose -n - 2*p + 5*p = 0, 0 = -n + 5*p. Let c be 3 + -2 - (n + -4). Let i(o) = 7 - c - o - 2. What is i(4)?
-4
Let k(i) = 5*i**3 + 30*i**2 + 14*i + 6. Let p(m) = -1 + m**3 + 3*m + 2 + 6*m**2 + 0. Let r = -8 - 3. Let v(h) = r*p(h) + 2*k(h). Give v(-5).
1
Let a(c) = -c**3 - c**2 + 5*c + 6. Let t be a(-2). Suppose -2*b + t = -4. Suppose 7*v + z = 3*v - 11, 0 = b*v - 5*z + 11. Let f(k) = -k - 1. What is f(v)?
2
Suppose t - 17 = -x, 5*x - 4*t - 91 = -7*t. Suppose -x = 4*h - 4. Let i(w) = w**2 + 3*w. Calculate i(h).
4
Let q(f) = f**2 + 8*f + 14. Let k be q(-6). Let o(i) = i + 2*i**2 + i - k*i - i. Give o(-2).
10
Let k(c) be the second derivative of c**4/12 + c**3/3 - c**2 - 22*c - 4. Suppose -w = -3 + 1. What is k(w)?
6
Let b(x) be the third derivative of x**5/12 - x**4/4 - 7*x**3/6 - x**2. Let p(c) = c**2 - c - 1. Let v be 5 + 3 + 0 + -4. Let z(r) = v*p(r) - b(r). Give z(5).
-12
Let x(n) = -n**2 + 8*n - 3. Let o be x(7). Let i(j) = 0 + 6 - 1 + j - o. What is i(-4)?
-3
Suppose -7 = 5*t - 97. Let b(d) = 6*d**2 - 4*d**2 - 9 - d**2 + t + d**3. Let v be 0 + 0/(0 - -3). Determine b(v).
9
Let y(v) = -v**3 + 3 + v**2 + 2 + 3*v**2 - 3 + 5*v. Let a be y(5). Let d(b) be the second derivative of -b**5/20 + b**4/12 + b**3/3 - b**2 - 4*b. Give d(a).
-2
Let n(f) = -f + 1. Let w = -22 - -21. Let d be n(w). Let i(g) = 2*g - g - d*g - 8 - g. Give i(-6).
4
Let j(f) = -4*f + 7. Let x = 45 - 52. Determine j(x).
35
Let q(l) = -l**2 - l. Suppose 31 + 29 = -5*k. Let a = k - -16. Let i(z) = -z**3 + 3*z**2 + 5*z - 4. Let o be i(a). Calculate q(o).
0
Let s(r) be the second derivative of r**4/12 - 3*r**2 + 14*r. Let h be s(-3). Let i(w) = -w**2 + 2*w - 4. What is i(h)?
-7
Let i(t) = -t**2 - 2*t + 1. Let b(c) = c**3 + 3*c**2 - 7*c - 2. Suppose 18 - 3 = -3*v. Let r be b(v). Let u = r + 14. Calculate i(u).
-2
Let b(m) = 4*m - 7. Let g = 42 + -29. Suppose g + 17 = 6*y. What is b(y)?
13
Let l be 4 - (-2)/4*2. Let o(j) = -6*j - 2*j**3 + 13*j**3 - 2 + 6*j**2 - 12*j**3. Give o(l).
-7
Let a(i) = -4*i**2 + 15*i + 8. Let v(x) = -6*x**2 + 22*x + 12. Suppose -o + k = -2*o - 2, 2*o = -3*k - 1. Let r(m) = o*v(m) + 7*a(m). Give r(4).
8
Let l(c) = -13*c. Let g be 36/27*(-27)/12. Calculate l(g).
39
Let r(b) = -7*b**2 + b + 5. Let l(v) = -v**2 + v. Let c(f) = 6*l(f) - r(f). Let g be c(-6). Let t(w) = 0*w + g + w**2 + 5*w - 8*w. Determine t(3).
1
Let b(q) = -8*q**3 - 10*q**2 + q - 10. Let l(v) = -19*v**3 - 21*v**2 + 3*v - 21. Let t(c) = -7*b(c) + 3*l(c). Calculate t(8).
-41
Let h(t) be the second derivative of t**4/12 - 10*t**3/3 + 37*t**2/2 + 195*t. Give h(18).
1
Let u(f) = -2*f + 4. Suppose 2*v - 8 - 24 = 4*h, 2*h + 24 = 2*v. Let j(d) = 6*d - 11. Let r(w) = v*u(w) + 3*j(w). Give r(-1).
-3
Let j(q) = q**2 - 7*q + 4. Suppose 5*s = 12 + 8. Suppose a - 20 = -3*r, 0 = -s*a - 5*r + 84 - 4. Suppose -2*z + a = 2*t, z = -2*z + 15. Give j(t).
-6
Let i be -4 + (3 - 4) + -75. Let r = -82 - i. Let j(h) = -2*h + 1. Give j(r).
5
Let j(f) = -5*f. Let l be (-9)/(-63) + (-144)/28. Calculate j(l).
25
Let o(u) = 2*u**3 + 3*u**2 + 9*u + 5. Let s(w) = 2*w. Let k(y) = -o(y) + 3*s(y). Give k(-2).
5
Let d(w) = w**2 - 8*w + 6. Let s be d(8). Let z(n) = -1 - 22 + 8*n + 17 - n**2. Calculate z(s).
6
Let f(c) be the first derivative of 13*c**2/2 - c + 12. Let h(o) = 7*o. Let b(m) = -6*f(m) + 11*h(m). Let k be -1*((-4)/(-2) + -7). Give b(k).
1
Let t(d) = -d**3 - 5*d**2 - 10*d - 6. Let q be t(-2). Let y(s) = -s**3 + 3*s + 3. What is y(q)?
1
Let x(a) = -2*a**2 - 5*a - 3. Let l(n) = -n - 3. Let k be l(-8). Suppose k*m + 11 = -4. Calculate x(m).
-6
Let y(q) = 6229 - 6229 - q - 2*q. Determine y(5).
-15
Let y(i) be the third derivative of -i**5/60 + i**4/24 + 2*i**3/3 - 15*i**2. Let d be 0 - 1 - (-10)/2. Let z = -4 + d. Determine y(z).
4
Let v(n) = 25 + 7 - 34 - n. Determine v(-1).
-1
Let g(o) be the second derivative of o**6/60 + o**4/24 + 2*o**3/3 + o. Let w(s) be the second derivative of g(s). Let u be (-2 - -1) + 0/(-1 + 0). Give w(u).
7
Let v(d) be the second derivative of -d**4/12 - 4*d**3/3 - 3*d**2/2 + 340*d. Calculate v(-7).
4
Let g be 1/(((-3)/7)/3). Suppose 46 = 4*j + 2*y, 0*y - 7 = -3*j + 4*y. Let u(r) = r - 2 - 3*r**3 - j*r - 8*r**2 + 2*r**3. Give u(g).
5
Let l(s) = s**2 - s + 4. Let t(z) = -z**3 + 18*z**2 + 3. Let x be t(18). Determine l(x).
10
Let u(j) = 81*j**2 - 4*j - 8 + 4*j - 82*j**2 + 3*j + 8*j. What is u(10)?
2
Let s = 79 + -53. Suppose -4*o - s = o + j, -38 = 3*o - 5*j. Let n(b) = b**3 + 3*b**2 + 5*b**2 + b - 2*b**2 + 8. What is n(o)?
2
Let x(d) be the first derivative of d**4/4 - 2*d**3/3 - d**2/2 + d + 27. Let g = 6 + -4. Suppose 0 = -5*a + 6*a - g. What is x(a)?
-1
Let a(h) = -h + 3. Let l = 32 - -24. Suppose -4*q - 4*q - l = 0. Let i be (-16)/56 + (-2)/q. Determine a(i).
3
Let o(r) = -8*r**3 + r**2 - r - 2. Let l(p) = p**3 - p - 1. Let i = 88 + -86. Let a(b) = i*l(b) - o(b). Determine a(-1).
-10
Let y(b) = 4*b - 1. Suppose 185 = 100*t - 115. Determine y(t).
11
Let j(x) be the second derivative of x**5/20 - 5*x**4/12 - x**3/2 + 8*x**2 - 321*x. Calculate j(5).
1
Let c(i) = -53*i**2 + 0*i**3 + 5*i**3 - 2*i**3 - 2 + 44*i + 10*i**3. Let f(z) = 3*z**3 - 13*z**2 + 11*z - 1. Let b(a) = 2*c(a) - 9*f(a). Determine b(10).
-5
Let k(p) = 2 - 7*p - 6*p**2 + 3*p**2 + 2*p**2 + 6*p - p**3. Let l be (-5 + 2)*5/(-3). Let x(q) = -q**3 + 4*q**2 + 4*q + 5. Let t be x(l). Calculate k(t).
2
Let b = -3 + 1. Let q be b/6 - 24/9. Let j(r) = 9*r**3 - 6*r**2 + 28*r - 8. Let d(c) = 5*c**3 - 3*c**2 + 15*c - 4. Let o(z) = -11*d(z) + 6*j(z). Give o(q).
-13
Let o(h) = h**2 - 5*h + 9. Let v(y) = 14*y - 360. Let a be v(26). What is o(a)?
5
Let h(l) = -l - 5*l - 8*l - l + 9*l + l**2 + 4. Give h(2).
-4
Let i(l) = 52*l + 20. Let o(m) = 53*m + 24. Let p(c) = -6*i(c) + 5*o(c). What is p(1)?
-47
Let d(h) = h**2 + 5*h - 6. Let y = -486 - -481. Determine d(y).
-6
Let s(f) = f**2 - 7*f + 5. Let l(t) = t + 5. Let r be l(-17). Let v be (-9)/(-3*(-3)/r). Suppose 4*n = -k + 22, v = 3*k + k - 3*n. What is s(k)?
-1
Suppose -15 + 15 = -4*i. Let v(r) = 18 - 4*r - 22 + 3*r + i*r. Determine v(-4).
0
Let y(d) = 25*d - 131. Let m be y(5). Let q(t) = t**3 + 7*t**2 - 4*t - 9. Give q(m).
51
Let j(s) = 2*s + 1. Let n = 22 - 23. Calculate j(n).
-1
Let t(z) be the first derivative of -z**4/4 - 2*z**3/3 + z**2 - 3*z + 81. Let c be 1*(-5 + (1 - -1)). Determine t(c).
0
Let t(j) = 6*j**3 + 6*j - 4. Let z = -89 - -90. Let h(i) = i**3 - i**2 + i - 1. Let k(f) = z*t(f) - 5*h(f). Give k(-5).
-4
Let f be 22/6 + 8/(-12). Let n be f - 0 - 1/2*2. Let z(o) = 3*o - 3. What is z(n)?
3
Let a = -18 - -38. Suppose 3*r - 7*r = a. Let d(f) = -f**3 - 6*f**2 - 5*f - 6. What is d(r)?
-6
Let f(v) = -4*v - 4. Let h be (-2 - 34)*(-3)/9. Let q be 2/((-16)/h)*-2. Suppose 0 = -5*s + l - 16, 12 = -0*l - q*l. Determine f(s).
12
Let 